{"id":35,"date":"2023-03-04T14:18:58","date_gmt":"2023-03-04T14:18:58","guid":{"rendered":"http:\/\/dobrastrefa.com\/?page_id=35"},"modified":"2024-01-15T18:13:33","modified_gmt":"2024-01-15T18:13:33","slug":"strefa-kawy","status":"publish","type":"page","link":"https:\/\/dobrastrefa.com\/index.php\/strefa-kawy\/","title":{"rendered":"Strefa Kawy &#8211; Kawiarnia"},"content":{"rendered":"\n<p>Szukasz Kawiarni na Bemowie ? na Jelonkach? nasze drzwi s\u0105 otwarte <\/p>\n\n\n\n<p>od poniedzia\u0142ku do pi\u0105tku od 09:00 do 20:00, <\/p>\n\n\n\n<p>w soboty od 10:00 do 20:00 <\/p>\n\n\n\n<p>a w niedziele od 10:00 do 18:00<\/p>\n\n\n\n<p>Cappuccino? Americano? Mocca? Na miejscu, czy na wynos?<\/p>\n\n\n\n<p>mmmm&#8230;. Najlepiej po prostu tak jak lubisz. <\/p>\n\n\n\n<p>Zapraszamy na pyszn\u0105 kaw\u0119 Costa Coffee oraz niesamowite herbaty.<\/p>\n\n\n\n<figure class=\"wp-block-image size-full\"><img fetchpriority=\"high\" decoding=\"async\" width=\"900\" height=\"528\" src=\"http:\/\/dobrastrefa.com\/wp-content\/uploads\/2023\/03\/costa_coffee_kubki.webp\" alt=\"\" class=\"wp-image-242\" srcset=\"https:\/\/dobrastrefa.com\/wp-content\/uploads\/2023\/03\/costa_coffee_kubki.webp 900w, https:\/\/dobrastrefa.com\/wp-content\/uploads\/2023\/03\/costa_coffee_kubki-600x352.webp 600w, https:\/\/dobrastrefa.com\/wp-content\/uploads\/2023\/03\/costa_coffee_kubki-300x176.webp 300w, https:\/\/dobrastrefa.com\/wp-content\/uploads\/2023\/03\/costa_coffee_kubki-768x451.webp 768w\" sizes=\"(max-width: 900px) 100vw, 900px\" \/><\/figure>\n\n\n\n<h2 class=\"wp-block-heading\">Jem Session w Dobrej Strefie &#8211; kawiarnia<\/h2>\n\n\n\n<p>Dla Go\u015bci naszej kawiarni raz w miesi\u0105cu staramy si\u0119 organizowa\u0107 otwarte Jam Session. Atmosfera jest nieziemska, ciep\u0142a i rodzinna. Napoje dla Graj\u0105cych i zabaw\u0119 dla Ich Dzieci zapewniamy my &#8211; Dobra Strefa. Je\u015bli grasz &#8211; przyjd\u017a i do\u0142\u0105cz do nas je\u015bli chcesz pos\u0142ucha\u0107 i poczu\u0107 ten niesamowity klimat, zapraszamy do nas do Kawiarni.<\/p>\n\n\n\n<p>Chcesz zobaczy\u0107 jak to wygl\u0105da? Poni\u017cej link do filmiku.<\/p>\n\n\n\n<p><a href=\"https:\/\/www.facebook.com\/reel\/102458906295901\">kawiarnia- Jam Session w Dobrej Strefie<\/a><\/p>\n\n\n\n<p><\/p>\n\n\n\n<p><\/p>\n\n\n\n<h2 class=\"wp-block-heading\">Galeria<\/h2>\n\n\n\n<figure class=\"wp-block-gallery has-nested-images columns-default is-cropped wp-block-gallery-1 is-layout-flex wp-block-gallery-is-layout-flex\">\n<figure class=\"wp-block-image size-large\"><img decoding=\"async\" width=\"1024\" height=\"1024\" data-id=\"786\" src=\"http:\/\/dobrastrefa.com\/wp-content\/uploads\/2024\/01\/DobraStrefa.com-120012007-1024x1024.jpg\" alt=\"herbata_boemow\" class=\"wp-image-786\" srcset=\"https:\/\/dobrastrefa.com\/wp-content\/uploads\/2024\/01\/DobraStrefa.com-120012007-1024x1024.jpg 1024w, https:\/\/dobrastrefa.com\/wp-content\/uploads\/2024\/01\/DobraStrefa.com-120012007-300x300.jpg 300w, https:\/\/dobrastrefa.com\/wp-content\/uploads\/2024\/01\/DobraStrefa.com-120012007-150x150.jpg 150w, https:\/\/dobrastrefa.com\/wp-content\/uploads\/2024\/01\/DobraStrefa.com-120012007-768x768.jpg 768w, https:\/\/dobrastrefa.com\/wp-content\/uploads\/2024\/01\/DobraStrefa.com-120012007-860x860.jpg 860w, https:\/\/dobrastrefa.com\/wp-content\/uploads\/2024\/01\/DobraStrefa.com-120012007.jpg 1200w\" sizes=\"(max-width: 1024px) 100vw, 1024px\" \/><\/figure>\n\n\n\n<figure class=\"wp-block-image size-large\"><img decoding=\"async\" width=\"1024\" height=\"1024\" data-id=\"787\" src=\"http:\/\/dobrastrefa.com\/wp-content\/uploads\/2024\/01\/DobraStrefa.com-120012006-1024x1024.jpg\" alt=\"kawiarnia_bemowo\" class=\"wp-image-787\" srcset=\"https:\/\/dobrastrefa.com\/wp-content\/uploads\/2024\/01\/DobraStrefa.com-120012006-1024x1024.jpg 1024w, https:\/\/dobrastrefa.com\/wp-content\/uploads\/2024\/01\/DobraStrefa.com-120012006-300x300.jpg 300w, https:\/\/dobrastrefa.com\/wp-content\/uploads\/2024\/01\/DobraStrefa.com-120012006-150x150.jpg 150w, https:\/\/dobrastrefa.com\/wp-content\/uploads\/2024\/01\/DobraStrefa.com-120012006-768x768.jpg 768w, https:\/\/dobrastrefa.com\/wp-content\/uploads\/2024\/01\/DobraStrefa.com-120012006-860x860.jpg 860w, https:\/\/dobrastrefa.com\/wp-content\/uploads\/2024\/01\/DobraStrefa.com-120012006.jpg 1200w\" sizes=\"(max-width: 1024px) 100vw, 1024px\" \/><\/figure>\n\n\n\n<figure class=\"wp-block-image size-large\"><img loading=\"lazy\" decoding=\"async\" width=\"1024\" height=\"1024\" data-id=\"788\" src=\"http:\/\/dobrastrefa.com\/wp-content\/uploads\/2024\/01\/DobraStrefa.com-120012005-1024x1024.jpg\" alt=\"costa_bemowo\" class=\"wp-image-788\" srcset=\"https:\/\/dobrastrefa.com\/wp-content\/uploads\/2024\/01\/DobraStrefa.com-120012005-1024x1024.jpg 1024w, https:\/\/dobrastrefa.com\/wp-content\/uploads\/2024\/01\/DobraStrefa.com-120012005-300x300.jpg 300w, https:\/\/dobrastrefa.com\/wp-content\/uploads\/2024\/01\/DobraStrefa.com-120012005-150x150.jpg 150w, https:\/\/dobrastrefa.com\/wp-content\/uploads\/2024\/01\/DobraStrefa.com-120012005-768x768.jpg 768w, https:\/\/dobrastrefa.com\/wp-content\/uploads\/2024\/01\/DobraStrefa.com-120012005-860x860.jpg 860w, https:\/\/dobrastrefa.com\/wp-content\/uploads\/2024\/01\/DobraStrefa.com-120012005.jpg 1200w\" sizes=\"(max-width: 1024px) 100vw, 1024px\" \/><\/figure>\n<\/figure>\n","protected":false},"excerpt":{"rendered":"<p>Szukasz Kawiarni na Bemowie ? na Jelonkach? nasze drzwi s\u0105 otwarte od poniedzia\u0142ku do pi\u0105tku od 09:00 do 20:00, w soboty od 10:00 do 20:00 a w niedziele od 10:00 do 18:00 Cappuccino? Americano? Mocca? Na miejscu, czy na wynos? mmmm&#8230;. Najlepiej po prostu tak jak lubisz. Zapraszamy na pyszn\u0105 kaw\u0119 Costa Coffee oraz niesamowite &hellip; <\/p>\n","protected":false},"author":1,"featured_media":67,"parent":0,"menu_order":0,"comment_status":"closed","ping_status":"closed","template":"","meta":{"footnotes":""},"class_list":["post-35","page","type-page","status-publish","has-post-thumbnail","hentry"],"yoast_head":"<!-- This site is optimized with the Yoast SEO plugin v25.3.1 - https:\/\/yoast.com\/wordpress\/plugins\/seo\/ -->\n<title>Strefa Kawy - Kawiarnia -<\/title>\n<meta name=\"description\" content=\"Strefa Kawy kawiarnia COSTA Bemowo z du\u017c\u0105 Sal\u0105 Zabaw dla dzieci. Zapraszamy na pyszn\u0105 kaw\u0119, ciasta, zupy. Czekaj\u0105 wygodne fotele i poduszki\" \/>\n<meta name=\"robots\" content=\"index, follow, max-snippet:-1, max-image-preview:large, max-video-preview:-1\" \/>\n<link rel=\"canonical\" href=\"http:\/\/dobrastrefa.com\/index.php\/strefa-kawy\/\" \/>\n<meta property=\"og:locale\" content=\"pl_PL\" \/>\n<meta property=\"og:type\" content=\"article\" \/>\n<meta property=\"og:title\" content=\"Strefa Kawy - Kawiarnia -\" \/>\n<meta property=\"og:description\" content=\"Strefa Kawy kawiarnia COSTA Bemowo z du\u017c\u0105 Sal\u0105 Zabaw dla dzieci. Zapraszamy na pyszn\u0105 kaw\u0119, ciasta, zupy. Czekaj\u0105 wygodne fotele i poduszki\" \/>\n<meta property=\"og:url\" content=\"http:\/\/dobrastrefa.com\/index.php\/strefa-kawy\/\" \/>\n<meta property=\"article:publisher\" content=\"https:\/\/www.facebook.com\/KawaZabawaWarsztaty\/\" \/>\n<meta property=\"article:modified_time\" content=\"2024-01-15T18:13:33+00:00\" \/>\n<meta property=\"og:image\" content=\"http:\/\/dobrastrefa.com\/wp-content\/uploads\/2023\/03\/Zdjecia-na-strone-filizanka-kawy-duza-20008001.png\" \/>\n\t<meta property=\"og:image:width\" content=\"2000\" \/>\n\t<meta property=\"og:image:height\" content=\"800\" \/>\n\t<meta property=\"og:image:type\" content=\"image\/png\" \/>\n<meta name=\"twitter:card\" content=\"summary_large_image\" \/>\n<meta name=\"twitter:label1\" content=\"Szacowany czas czytania\" \/>\n\t<meta name=\"twitter:data1\" content=\"2 minuty\" \/>\n<script type=\"application\/ld+json\" class=\"yoast-schema-graph\">{\"@context\":\"https:\/\/schema.org\",\"@graph\":[{\"@type\":\"WebPage\",\"@id\":\"http:\/\/dobrastrefa.com\/index.php\/strefa-kawy\/\",\"url\":\"http:\/\/dobrastrefa.com\/index.php\/strefa-kawy\/\",\"name\":\"Strefa Kawy - Kawiarnia -\",\"isPartOf\":{\"@id\":\"http:\/\/dobrastrefa.com\/#website\"},\"primaryImageOfPage\":{\"@id\":\"http:\/\/dobrastrefa.com\/index.php\/strefa-kawy\/#primaryimage\"},\"image\":{\"@id\":\"http:\/\/dobrastrefa.com\/index.php\/strefa-kawy\/#primaryimage\"},\"thumbnailUrl\":\"https:\/\/dobrastrefa.com\/wp-content\/uploads\/2023\/03\/Zdjecia-na-strone-filizanka-kawy-duza-20008001.png\",\"datePublished\":\"2023-03-04T14:18:58+00:00\",\"dateModified\":\"2024-01-15T18:13:33+00:00\",\"description\":\"Strefa Kawy kawiarnia COSTA Bemowo z du\u017c\u0105 Sal\u0105 Zabaw dla dzieci. Zapraszamy na pyszn\u0105 kaw\u0119, ciasta, zupy. Czekaj\u0105 wygodne fotele i poduszki\",\"breadcrumb\":{\"@id\":\"http:\/\/dobrastrefa.com\/index.php\/strefa-kawy\/#breadcrumb\"},\"inLanguage\":\"pl-PL\",\"potentialAction\":[{\"@type\":\"ReadAction\",\"target\":[\"http:\/\/dobrastrefa.com\/index.php\/strefa-kawy\/\"]}]},{\"@type\":\"ImageObject\",\"inLanguage\":\"pl-PL\",\"@id\":\"http:\/\/dobrastrefa.com\/index.php\/strefa-kawy\/#primaryimage\",\"url\":\"https:\/\/dobrastrefa.com\/wp-content\/uploads\/2023\/03\/Zdjecia-na-strone-filizanka-kawy-duza-20008001.png\",\"contentUrl\":\"https:\/\/dobrastrefa.com\/wp-content\/uploads\/2023\/03\/Zdjecia-na-strone-filizanka-kawy-duza-20008001.png\",\"width\":2000,\"height\":800},{\"@type\":\"BreadcrumbList\",\"@id\":\"http:\/\/dobrastrefa.com\/index.php\/strefa-kawy\/#breadcrumb\",\"itemListElement\":[{\"@type\":\"ListItem\",\"position\":1,\"name\":\"Strona g\u0142\u00f3wna\",\"item\":\"http:\/\/dobrastrefa.com\/\"},{\"@type\":\"ListItem\",\"position\":2,\"name\":\"Strefa Kawy &#8211; Kawiarnia\"}]},{\"@type\":\"WebSite\",\"@id\":\"http:\/\/dobrastrefa.com\/#website\",\"url\":\"http:\/\/dobrastrefa.com\/\",\"name\":\"DobraStrefa.com\",\"description\":\"\",\"publisher\":{\"@id\":\"http:\/\/dobrastrefa.com\/#organization\"},\"potentialAction\":[{\"@type\":\"SearchAction\",\"target\":{\"@type\":\"EntryPoint\",\"urlTemplate\":\"http:\/\/dobrastrefa.com\/?s={search_term_string}\"},\"query-input\":{\"@type\":\"PropertyValueSpecification\",\"valueRequired\":true,\"valueName\":\"search_term_string\"}}],\"inLanguage\":\"pl-PL\"},{\"@type\":\"Organization\",\"@id\":\"http:\/\/dobrastrefa.com\/#organization\",\"name\":\"Dobra Strefa\",\"url\":\"http:\/\/dobrastrefa.com\/\",\"logo\":{\"@type\":\"ImageObject\",\"inLanguage\":\"pl-PL\",\"@id\":\"http:\/\/dobrastrefa.com\/#\/schema\/logo\/image\/\",\"url\":\"https:\/\/dobrastrefa.com\/wp-content\/uploads\/2023\/03\/cropped-Projekt-bez-tytulu51-logo-500-500.png\",\"contentUrl\":\"https:\/\/dobrastrefa.com\/wp-content\/uploads\/2023\/03\/cropped-Projekt-bez-tytulu51-logo-500-500.png\",\"width\":500,\"height\":107,\"caption\":\"Dobra Strefa\"},\"image\":{\"@id\":\"http:\/\/dobrastrefa.com\/#\/schema\/logo\/image\/\"},\"sameAs\":[\"https:\/\/www.facebook.com\/KawaZabawaWarsztaty\/\",\"https:\/\/www.instagram.com\/dobra.strefa\/\"]}]}<\/script>\n<!-- \/ Yoast SEO plugin. -->","yoast_head_json":{"title":"Strefa Kawy - Kawiarnia -","description":"Strefa Kawy kawiarnia COSTA Bemowo z du\u017c\u0105 Sal\u0105 Zabaw dla dzieci. Zapraszamy na pyszn\u0105 kaw\u0119, ciasta, zupy. Czekaj\u0105 wygodne fotele i poduszki","robots":{"index":"index","follow":"follow","max-snippet":"max-snippet:-1","max-image-preview":"max-image-preview:large","max-video-preview":"max-video-preview:-1"},"canonical":"http:\/\/dobrastrefa.com\/index.php\/strefa-kawy\/","og_locale":"pl_PL","og_type":"article","og_title":"Strefa Kawy - Kawiarnia -","og_description":"Strefa Kawy kawiarnia COSTA Bemowo z du\u017c\u0105 Sal\u0105 Zabaw dla dzieci. Zapraszamy na pyszn\u0105 kaw\u0119, ciasta, zupy. Czekaj\u0105 wygodne fotele i poduszki","og_url":"http:\/\/dobrastrefa.com\/index.php\/strefa-kawy\/","article_publisher":"https:\/\/www.facebook.com\/KawaZabawaWarsztaty\/","article_modified_time":"2024-01-15T18:13:33+00:00","og_image":[{"width":2000,"height":800,"url":"http:\/\/dobrastrefa.com\/wp-content\/uploads\/2023\/03\/Zdjecia-na-strone-filizanka-kawy-duza-20008001.png","type":"image\/png"}],"twitter_card":"summary_large_image","twitter_misc":{"Szacowany czas czytania":"2 minuty"},"schema":{"@context":"https:\/\/schema.org","@graph":[{"@type":"WebPage","@id":"http:\/\/dobrastrefa.com\/index.php\/strefa-kawy\/","url":"http:\/\/dobrastrefa.com\/index.php\/strefa-kawy\/","name":"Strefa Kawy - Kawiarnia -","isPartOf":{"@id":"http:\/\/dobrastrefa.com\/#website"},"primaryImageOfPage":{"@id":"http:\/\/dobrastrefa.com\/index.php\/strefa-kawy\/#primaryimage"},"image":{"@id":"http:\/\/dobrastrefa.com\/index.php\/strefa-kawy\/#primaryimage"},"thumbnailUrl":"https:\/\/dobrastrefa.com\/wp-content\/uploads\/2023\/03\/Zdjecia-na-strone-filizanka-kawy-duza-20008001.png","datePublished":"2023-03-04T14:18:58+00:00","dateModified":"2024-01-15T18:13:33+00:00","description":"Strefa Kawy kawiarnia COSTA Bemowo z du\u017c\u0105 Sal\u0105 Zabaw dla dzieci. Zapraszamy na pyszn\u0105 kaw\u0119, ciasta, zupy. Czekaj\u0105 wygodne fotele i poduszki","breadcrumb":{"@id":"http:\/\/dobrastrefa.com\/index.php\/strefa-kawy\/#breadcrumb"},"inLanguage":"pl-PL","potentialAction":[{"@type":"ReadAction","target":["http:\/\/dobrastrefa.com\/index.php\/strefa-kawy\/"]}]},{"@type":"ImageObject","inLanguage":"pl-PL","@id":"http:\/\/dobrastrefa.com\/index.php\/strefa-kawy\/#primaryimage","url":"https:\/\/dobrastrefa.com\/wp-content\/uploads\/2023\/03\/Zdjecia-na-strone-filizanka-kawy-duza-20008001.png","contentUrl":"https:\/\/dobrastrefa.com\/wp-content\/uploads\/2023\/03\/Zdjecia-na-strone-filizanka-kawy-duza-20008001.png","width":2000,"height":800},{"@type":"BreadcrumbList","@id":"http:\/\/dobrastrefa.com\/index.php\/strefa-kawy\/#breadcrumb","itemListElement":[{"@type":"ListItem","position":1,"name":"Strona g\u0142\u00f3wna","item":"http:\/\/dobrastrefa.com\/"},{"@type":"ListItem","position":2,"name":"Strefa Kawy &#8211; Kawiarnia"}]},{"@type":"WebSite","@id":"http:\/\/dobrastrefa.com\/#website","url":"http:\/\/dobrastrefa.com\/","name":"DobraStrefa.com","description":"","publisher":{"@id":"http:\/\/dobrastrefa.com\/#organization"},"potentialAction":[{"@type":"SearchAction","target":{"@type":"EntryPoint","urlTemplate":"http:\/\/dobrastrefa.com\/?s={search_term_string}"},"query-input":{"@type":"PropertyValueSpecification","valueRequired":true,"valueName":"search_term_string"}}],"inLanguage":"pl-PL"},{"@type":"Organization","@id":"http:\/\/dobrastrefa.com\/#organization","name":"Dobra Strefa","url":"http:\/\/dobrastrefa.com\/","logo":{"@type":"ImageObject","inLanguage":"pl-PL","@id":"http:\/\/dobrastrefa.com\/#\/schema\/logo\/image\/","url":"https:\/\/dobrastrefa.com\/wp-content\/uploads\/2023\/03\/cropped-Projekt-bez-tytulu51-logo-500-500.png","contentUrl":"https:\/\/dobrastrefa.com\/wp-content\/uploads\/2023\/03\/cropped-Projekt-bez-tytulu51-logo-500-500.png","width":500,"height":107,"caption":"Dobra Strefa"},"image":{"@id":"http:\/\/dobrastrefa.com\/#\/schema\/logo\/image\/"},"sameAs":["https:\/\/www.facebook.com\/KawaZabawaWarsztaty\/","https:\/\/www.instagram.com\/dobra.strefa\/"]}]}},"jetpack_sharing_enabled":true,"_links":{"self":[{"href":"https:\/\/dobrastrefa.com\/index.php\/wp-json\/wp\/v2\/pages\/35","targetHints":{"allow":["GET"]}}],"collection":[{"href":"https:\/\/dobrastrefa.com\/index.php\/wp-json\/wp\/v2\/pages"}],"about":[{"href":"https:\/\/dobrastrefa.com\/index.php\/wp-json\/wp\/v2\/types\/page"}],"author":[{"embeddable":true,"href":"https:\/\/dobrastrefa.com\/index.php\/wp-json\/wp\/v2\/users\/1"}],"replies":[{"embeddable":true,"href":"https:\/\/dobrastrefa.com\/index.php\/wp-json\/wp\/v2\/comments?post=35"}],"version-history":[{"count":9,"href":"https:\/\/dobrastrefa.com\/index.php\/wp-json\/wp\/v2\/pages\/35\/revisions"}],"predecessor-version":[{"id":798,"href":"https:\/\/dobrastrefa.com\/index.php\/wp-json\/wp\/v2\/pages\/35\/revisions\/798"}],"wp:featuredmedia":[{"embeddable":true,"href":"https:\/\/dobrastrefa.com\/index.php\/wp-json\/wp\/v2\/media\/67"}],"wp:attachment":[{"href":"https:\/\/dobrastrefa.com\/index.php\/wp-json\/wp\/v2\/media?parent=35"}],"curies":[{"name":"wp","href":"https:\/\/api.w.org\/{rel}","templated":true}]}}