{"id":552,"date":"2023-08-20T16:21:46","date_gmt":"2023-08-20T16:21:46","guid":{"rendered":"http:\/\/dobrastrefa.com\/?page_id=552"},"modified":"2023-08-23T16:33:42","modified_gmt":"2023-08-23T16:33:42","slug":"zajecia-sensoryczne-plastyczne-dzieci","status":"publish","type":"page","link":"https:\/\/dobrastrefa.com\/index.php\/zajecia-sensoryczne-plastyczne-dzieci\/","title":{"rendered":"Tw\u00f3rczyde\u0142ka &#8211; zaj\u0119cia senoryczne \/ plastyczne dla Dzieci 4 &#8211; 6 lat"},"content":{"rendered":"\n<p id=\"block-d5a218d2-76ff-4070-84b1-db509abd7648\">Tw\u00f3rczyde\u0142ka to zaj\u0119cia, w plastyczne &#8211; muzyczne &#8211; sensoryczne i brudz\u0105ce dla dzieci w wieku 4-7 lat pobudzaj\u0105ce rozw\u00f3j i tw\u00f3rcze my\u015blenie<\/p>\n\n\n\n<div class=\"wp-block-columns is-layout-flex wp-container-core-columns-is-layout-9d6595d7 wp-block-columns-is-layout-flex\">\n<div class=\"wp-block-column is-layout-flow wp-block-column-is-layout-flow\" style=\"flex-basis:66.66%\">\n<h2 class=\"wp-block-heading\">zaj\u0119cia senoryczne \/ plastyczne dla dzieci<\/h2>\n\n\n\n<p>To niesamowita podr\u00f3\u017c przez wszystkie najbardziej lubiane przez Przedszkolaki &#8211; dzieci 4-7 lat formy wyrazu. Zaj\u0119cia to zabawa, plastyczne arcydzie\u0142a, sensoryczne poznawanie \u015bwiata, zabawa kolorem, w\u015br\u00f3d d\u017awi\u0119k\u00f3w i \u015bpiewu czyli tego, co dzieci w tym wieku lubi\u0105 najbardziej \ud83d\ude42<\/p>\n<\/div>\n\n\n\n<div class=\"wp-block-column is-layout-flow wp-block-column-is-layout-flow\" style=\"flex-basis:33.33%\">\n<h2 class=\"wp-block-heading\">Zapisy<\/h2>\n\n\n\n<ol class=\"wp-block-list\">\n<li>W Dobrej Strefie na miejscu &#8211; <a href=\"http:\/\/dobrastrefa.com\/index.php\/okolicznosciowe-chrzest-komunia\/\">ul. Czumy 3e Warszawa, Bemowo<\/a><\/li>\n\n\n\n<li>Telefonicznie: 797 282 797<\/li>\n\n\n\n<li>Mailowo: kontakt@dobrastrefa.com<\/li>\n\n\n\n<li>Przez portal <a href=\"https:\/\/kidos.pl\/opinie\/tworczydelka-64e22ba2f9023200f405dcba\">Kidos.pl zak\u0142adka Dobra Strefa<\/a><\/li>\n<\/ol>\n<\/div>\n<\/div>\n\n\n\n<h2 class=\"wp-block-heading\">Prowadz\u0105cy &#8211; Agnieszka Malewska<\/h2>\n\n\n\n<p>Na co dzie\u0144 mama ma\u0142ego Olusia i ciocia wszystkich dzieci ucz\u0119szczaj\u0105cych na Tw\u00f3rczyde\u0142ka&nbsp;\ud83e\udd17\ud83e\udd70\ud83e\udd17<\/p>\n\n\n\n<p>Od ponad 20 lat zajmuje si\u0119 prac\u0105 z Dzie\u0107mi tworz\u0105c dla nich kreatywne zabawy i zaj\u0119cia. W swoim \u017cyciu zawodowym mia\u0142a pod \u201eopiek\u0105\u201d zar\u00f3wno Dzieci jak i nauczycieli, poniewa\u017c zarz\u0105dza\u0142a przedszkolem.<\/p>\n","protected":false},"excerpt":{"rendered":"<p>Tw\u00f3rczyde\u0142ka to zaj\u0119cia, w plastyczne &#8211; muzyczne &#8211; sensoryczne i brudz\u0105ce dla dzieci w wieku 4-7 lat pobudzaj\u0105ce rozw\u00f3j i tw\u00f3rcze my\u015blenie zaj\u0119cia senoryczne \/ plastyczne dla dzieci To niesamowita podr\u00f3\u017c przez wszystkie najbardziej lubiane przez Przedszkolaki &#8211; dzieci 4-7 lat formy wyrazu. Zaj\u0119cia to zabawa, plastyczne arcydzie\u0142a, sensoryczne poznawanie \u015bwiata, zabawa kolorem, w\u015br\u00f3d d\u017awi\u0119k\u00f3w &hellip; <\/p>\n","protected":false},"author":1,"featured_media":564,"parent":0,"menu_order":0,"comment_status":"closed","ping_status":"closed","template":"","meta":{"footnotes":""},"class_list":["post-552","page","type-page","status-publish","has-post-thumbnail","hentry"],"yoast_head":"<!-- This site is optimized with the Yoast SEO plugin v25.3.1 - https:\/\/yoast.com\/wordpress\/plugins\/seo\/ -->\n<title>Tw\u00f3rczyde\u0142ka - zaj\u0119cia senoryczne \/ plastyczne dla Dzieci 4 - 6 lat -<\/title>\n<meta name=\"description\" content=\"Tw\u00f3rczyde\u0142ka to zaj\u0119cia, w plastyczne - muzyczne - sensoryczne i brudz\u0105ce dla dzieci w wieku 4-7 lat pobudzaj\u0105ce rozw\u00f3j i tw\u00f3rcze my\u015blenie\" \/>\n<meta name=\"robots\" content=\"index, follow, max-snippet:-1, max-image-preview:large, max-video-preview:-1\" \/>\n<link rel=\"canonical\" href=\"http:\/\/dobrastrefa.com\/index.php\/zajecia-sensoryczne-plastyczne-dzieci\/\" \/>\n<meta property=\"og:locale\" content=\"pl_PL\" \/>\n<meta property=\"og:type\" content=\"article\" \/>\n<meta property=\"og:title\" content=\"Tw\u00f3rczyde\u0142ka - zaj\u0119cia senoryczne \/ plastyczne dla Dzieci 4 - 6 lat -\" \/>\n<meta property=\"og:description\" content=\"Tw\u00f3rczyde\u0142ka to zaj\u0119cia, w plastyczne - muzyczne - sensoryczne i brudz\u0105ce dla dzieci w wieku 4-7 lat pobudzaj\u0105ce rozw\u00f3j i tw\u00f3rcze my\u015blenie\" \/>\n<meta property=\"og:url\" content=\"http:\/\/dobrastrefa.com\/index.php\/zajecia-sensoryczne-plastyczne-dzieci\/\" \/>\n<meta property=\"article:publisher\" content=\"https:\/\/www.facebook.com\/KawaZabawaWarsztaty\/\" \/>\n<meta property=\"article:modified_time\" content=\"2023-08-23T16:33:42+00:00\" \/>\n<meta property=\"og:image\" content=\"http:\/\/dobrastrefa.com\/wp-content\/uploads\/2023\/08\/Kopia-Zdjecia-na-strone-1650768.png\" \/>\n\t<meta property=\"og:image:width\" content=\"1650\" \/>\n\t<meta property=\"og:image:height\" content=\"400\" \/>\n\t<meta property=\"og:image:type\" content=\"image\/png\" \/>\n<meta name=\"twitter:card\" content=\"summary_large_image\" \/>\n<meta name=\"twitter:label1\" content=\"Szacowany czas czytania\" \/>\n\t<meta name=\"twitter:data1\" content=\"1 minuta\" \/>\n<script type=\"application\/ld+json\" class=\"yoast-schema-graph\">{\"@context\":\"https:\/\/schema.org\",\"@graph\":[{\"@type\":\"WebPage\",\"@id\":\"http:\/\/dobrastrefa.com\/index.php\/zajecia-sensoryczne-plastyczne-dzieci\/\",\"url\":\"http:\/\/dobrastrefa.com\/index.php\/zajecia-sensoryczne-plastyczne-dzieci\/\",\"name\":\"Tw\u00f3rczyde\u0142ka - zaj\u0119cia senoryczne \/ plastyczne dla Dzieci 4 - 6 lat -\",\"isPartOf\":{\"@id\":\"http:\/\/dobrastrefa.com\/#website\"},\"primaryImageOfPage\":{\"@id\":\"http:\/\/dobrastrefa.com\/index.php\/zajecia-sensoryczne-plastyczne-dzieci\/#primaryimage\"},\"image\":{\"@id\":\"http:\/\/dobrastrefa.com\/index.php\/zajecia-sensoryczne-plastyczne-dzieci\/#primaryimage\"},\"thumbnailUrl\":\"https:\/\/dobrastrefa.com\/wp-content\/uploads\/2023\/08\/Kopia-Zdjecia-na-strone-1650768.png\",\"datePublished\":\"2023-08-20T16:21:46+00:00\",\"dateModified\":\"2023-08-23T16:33:42+00:00\",\"description\":\"Tw\u00f3rczyde\u0142ka to zaj\u0119cia, w plastyczne - muzyczne - sensoryczne i brudz\u0105ce dla dzieci w wieku 4-7 lat pobudzaj\u0105ce rozw\u00f3j i tw\u00f3rcze my\u015blenie\",\"breadcrumb\":{\"@id\":\"http:\/\/dobrastrefa.com\/index.php\/zajecia-sensoryczne-plastyczne-dzieci\/#breadcrumb\"},\"inLanguage\":\"pl-PL\",\"potentialAction\":[{\"@type\":\"ReadAction\",\"target\":[\"http:\/\/dobrastrefa.com\/index.php\/zajecia-sensoryczne-plastyczne-dzieci\/\"]}]},{\"@type\":\"ImageObject\",\"inLanguage\":\"pl-PL\",\"@id\":\"http:\/\/dobrastrefa.com\/index.php\/zajecia-sensoryczne-plastyczne-dzieci\/#primaryimage\",\"url\":\"https:\/\/dobrastrefa.com\/wp-content\/uploads\/2023\/08\/Kopia-Zdjecia-na-strone-1650768.png\",\"contentUrl\":\"https:\/\/dobrastrefa.com\/wp-content\/uploads\/2023\/08\/Kopia-Zdjecia-na-strone-1650768.png\",\"width\":1650,\"height\":400,\"caption\":\"zaj\u0119cia_sensoryczne_plastyczne_dla_DZieci 4-7_lat\"},{\"@type\":\"BreadcrumbList\",\"@id\":\"http:\/\/dobrastrefa.com\/index.php\/zajecia-sensoryczne-plastyczne-dzieci\/#breadcrumb\",\"itemListElement\":[{\"@type\":\"ListItem\",\"position\":1,\"name\":\"Strona g\u0142\u00f3wna\",\"item\":\"http:\/\/dobrastrefa.com\/\"},{\"@type\":\"ListItem\",\"position\":2,\"name\":\"Tw\u00f3rczyde\u0142ka &#8211; zaj\u0119cia senoryczne \/ plastyczne dla Dzieci 4 &#8211; 6 lat\"}]},{\"@type\":\"WebSite\",\"@id\":\"http:\/\/dobrastrefa.com\/#website\",\"url\":\"http:\/\/dobrastrefa.com\/\",\"name\":\"DobraStrefa.com\",\"description\":\"\",\"publisher\":{\"@id\":\"http:\/\/dobrastrefa.com\/#organization\"},\"potentialAction\":[{\"@type\":\"SearchAction\",\"target\":{\"@type\":\"EntryPoint\",\"urlTemplate\":\"http:\/\/dobrastrefa.com\/?s={search_term_string}\"},\"query-input\":{\"@type\":\"PropertyValueSpecification\",\"valueRequired\":true,\"valueName\":\"search_term_string\"}}],\"inLanguage\":\"pl-PL\"},{\"@type\":\"Organization\",\"@id\":\"http:\/\/dobrastrefa.com\/#organization\",\"name\":\"Dobra Strefa\",\"url\":\"http:\/\/dobrastrefa.com\/\",\"logo\":{\"@type\":\"ImageObject\",\"inLanguage\":\"pl-PL\",\"@id\":\"http:\/\/dobrastrefa.com\/#\/schema\/logo\/image\/\",\"url\":\"https:\/\/dobrastrefa.com\/wp-content\/uploads\/2023\/03\/cropped-Projekt-bez-tytulu51-logo-500-500.png\",\"contentUrl\":\"https:\/\/dobrastrefa.com\/wp-content\/uploads\/2023\/03\/cropped-Projekt-bez-tytulu51-logo-500-500.png\",\"width\":500,\"height\":107,\"caption\":\"Dobra Strefa\"},\"image\":{\"@id\":\"http:\/\/dobrastrefa.com\/#\/schema\/logo\/image\/\"},\"sameAs\":[\"https:\/\/www.facebook.com\/KawaZabawaWarsztaty\/\",\"https:\/\/www.instagram.com\/dobra.strefa\/\"]}]}<\/script>\n<!-- \/ Yoast SEO plugin. -->","yoast_head_json":{"title":"Tw\u00f3rczyde\u0142ka - zaj\u0119cia senoryczne \/ plastyczne dla Dzieci 4 - 6 lat -","description":"Tw\u00f3rczyde\u0142ka to zaj\u0119cia, w plastyczne - muzyczne - sensoryczne i brudz\u0105ce dla dzieci w wieku 4-7 lat pobudzaj\u0105ce rozw\u00f3j i tw\u00f3rcze my\u015blenie","robots":{"index":"index","follow":"follow","max-snippet":"max-snippet:-1","max-image-preview":"max-image-preview:large","max-video-preview":"max-video-preview:-1"},"canonical":"http:\/\/dobrastrefa.com\/index.php\/zajecia-sensoryczne-plastyczne-dzieci\/","og_locale":"pl_PL","og_type":"article","og_title":"Tw\u00f3rczyde\u0142ka - zaj\u0119cia senoryczne \/ plastyczne dla Dzieci 4 - 6 lat -","og_description":"Tw\u00f3rczyde\u0142ka to zaj\u0119cia, w plastyczne - muzyczne - sensoryczne i brudz\u0105ce dla dzieci w wieku 4-7 lat pobudzaj\u0105ce rozw\u00f3j i tw\u00f3rcze my\u015blenie","og_url":"http:\/\/dobrastrefa.com\/index.php\/zajecia-sensoryczne-plastyczne-dzieci\/","article_publisher":"https:\/\/www.facebook.com\/KawaZabawaWarsztaty\/","article_modified_time":"2023-08-23T16:33:42+00:00","og_image":[{"width":1650,"height":400,"url":"http:\/\/dobrastrefa.com\/wp-content\/uploads\/2023\/08\/Kopia-Zdjecia-na-strone-1650768.png","type":"image\/png"}],"twitter_card":"summary_large_image","twitter_misc":{"Szacowany czas czytania":"1 minuta"},"schema":{"@context":"https:\/\/schema.org","@graph":[{"@type":"WebPage","@id":"http:\/\/dobrastrefa.com\/index.php\/zajecia-sensoryczne-plastyczne-dzieci\/","url":"http:\/\/dobrastrefa.com\/index.php\/zajecia-sensoryczne-plastyczne-dzieci\/","name":"Tw\u00f3rczyde\u0142ka - zaj\u0119cia senoryczne \/ plastyczne dla Dzieci 4 - 6 lat -","isPartOf":{"@id":"http:\/\/dobrastrefa.com\/#website"},"primaryImageOfPage":{"@id":"http:\/\/dobrastrefa.com\/index.php\/zajecia-sensoryczne-plastyczne-dzieci\/#primaryimage"},"image":{"@id":"http:\/\/dobrastrefa.com\/index.php\/zajecia-sensoryczne-plastyczne-dzieci\/#primaryimage"},"thumbnailUrl":"https:\/\/dobrastrefa.com\/wp-content\/uploads\/2023\/08\/Kopia-Zdjecia-na-strone-1650768.png","datePublished":"2023-08-20T16:21:46+00:00","dateModified":"2023-08-23T16:33:42+00:00","description":"Tw\u00f3rczyde\u0142ka to zaj\u0119cia, w plastyczne - muzyczne - sensoryczne i brudz\u0105ce dla dzieci w wieku 4-7 lat pobudzaj\u0105ce rozw\u00f3j i tw\u00f3rcze my\u015blenie","breadcrumb":{"@id":"http:\/\/dobrastrefa.com\/index.php\/zajecia-sensoryczne-plastyczne-dzieci\/#breadcrumb"},"inLanguage":"pl-PL","potentialAction":[{"@type":"ReadAction","target":["http:\/\/dobrastrefa.com\/index.php\/zajecia-sensoryczne-plastyczne-dzieci\/"]}]},{"@type":"ImageObject","inLanguage":"pl-PL","@id":"http:\/\/dobrastrefa.com\/index.php\/zajecia-sensoryczne-plastyczne-dzieci\/#primaryimage","url":"https:\/\/dobrastrefa.com\/wp-content\/uploads\/2023\/08\/Kopia-Zdjecia-na-strone-1650768.png","contentUrl":"https:\/\/dobrastrefa.com\/wp-content\/uploads\/2023\/08\/Kopia-Zdjecia-na-strone-1650768.png","width":1650,"height":400,"caption":"zaj\u0119cia_sensoryczne_plastyczne_dla_DZieci 4-7_lat"},{"@type":"BreadcrumbList","@id":"http:\/\/dobrastrefa.com\/index.php\/zajecia-sensoryczne-plastyczne-dzieci\/#breadcrumb","itemListElement":[{"@type":"ListItem","position":1,"name":"Strona g\u0142\u00f3wna","item":"http:\/\/dobrastrefa.com\/"},{"@type":"ListItem","position":2,"name":"Tw\u00f3rczyde\u0142ka &#8211; zaj\u0119cia senoryczne \/ plastyczne dla Dzieci 4 &#8211; 6 lat"}]},{"@type":"WebSite","@id":"http:\/\/dobrastrefa.com\/#website","url":"http:\/\/dobrastrefa.com\/","name":"DobraStrefa.com","description":"","publisher":{"@id":"http:\/\/dobrastrefa.com\/#organization"},"potentialAction":[{"@type":"SearchAction","target":{"@type":"EntryPoint","urlTemplate":"http:\/\/dobrastrefa.com\/?s={search_term_string}"},"query-input":{"@type":"PropertyValueSpecification","valueRequired":true,"valueName":"search_term_string"}}],"inLanguage":"pl-PL"},{"@type":"Organization","@id":"http:\/\/dobrastrefa.com\/#organization","name":"Dobra Strefa","url":"http:\/\/dobrastrefa.com\/","logo":{"@type":"ImageObject","inLanguage":"pl-PL","@id":"http:\/\/dobrastrefa.com\/#\/schema\/logo\/image\/","url":"https:\/\/dobrastrefa.com\/wp-content\/uploads\/2023\/03\/cropped-Projekt-bez-tytulu51-logo-500-500.png","contentUrl":"https:\/\/dobrastrefa.com\/wp-content\/uploads\/2023\/03\/cropped-Projekt-bez-tytulu51-logo-500-500.png","width":500,"height":107,"caption":"Dobra Strefa"},"image":{"@id":"http:\/\/dobrastrefa.com\/#\/schema\/logo\/image\/"},"sameAs":["https:\/\/www.facebook.com\/KawaZabawaWarsztaty\/","https:\/\/www.instagram.com\/dobra.strefa\/"]}]}},"jetpack_sharing_enabled":true,"_links":{"self":[{"href":"https:\/\/dobrastrefa.com\/index.php\/wp-json\/wp\/v2\/pages\/552","targetHints":{"allow":["GET"]}}],"collection":[{"href":"https:\/\/dobrastrefa.com\/index.php\/wp-json\/wp\/v2\/pages"}],"about":[{"href":"https:\/\/dobrastrefa.com\/index.php\/wp-json\/wp\/v2\/types\/page"}],"author":[{"embeddable":true,"href":"https:\/\/dobrastrefa.com\/index.php\/wp-json\/wp\/v2\/users\/1"}],"replies":[{"embeddable":true,"href":"https:\/\/dobrastrefa.com\/index.php\/wp-json\/wp\/v2\/comments?post=552"}],"version-history":[{"count":5,"href":"https:\/\/dobrastrefa.com\/index.php\/wp-json\/wp\/v2\/pages\/552\/revisions"}],"predecessor-version":[{"id":622,"href":"https:\/\/dobrastrefa.com\/index.php\/wp-json\/wp\/v2\/pages\/552\/revisions\/622"}],"wp:featuredmedia":[{"embeddable":true,"href":"https:\/\/dobrastrefa.com\/index.php\/wp-json\/wp\/v2\/media\/564"}],"wp:attachment":[{"href":"https:\/\/dobrastrefa.com\/index.php\/wp-json\/wp\/v2\/media?parent=552"}],"curies":[{"name":"wp","href":"https:\/\/api.w.org\/{rel}","templated":true}]}}